 Suppose -y = -a + 8. What is the highest common factor of a and 30?
6
Let u be (-43)/(-5) - (-3)/(-5). Let q(c) = -39*c**3 - 2*c**2 + 1. Let g be q(1). Let r = g + 80. Calculate the highest common divisor of u and r.
8
Let i(n) = n**2 - 8*n - 13. Let k be i(9). Let w = -8 - k. Let q(g) = -g**3 + 6*g + 4. Let x be q(w). Calculate the highest common divisor of x and 4.
4
Let x = 173 + -72. Let i(d) = 159*d**2 - d - 1. Let s be i(-1). Let l = s - x. Calculate the highest common factor of 29 and l.
29
Suppose 75*b = 68*b + 112. Calculate the highest common factor of 64 and b.
16
Let c = 4 - 7. Let j be 5*(13/5 - c). Calculate the greatest common divisor of 7 and j.
7
Let n be 2/((-2)/3) - -4. Let d(u) = 5*u**2 + u. Let h be d(n). Let x = 13 - 4. Calculate the highest common divisor of h and x.
3
Let q = 523 + -458. Calculate the highest common divisor of q and 52.
13
Suppose 2*f = -3*f + 50. Suppose 3240 = -15*u + 51*u. Calculate the greatest common factor of u and f.
10
Suppose -3*k + 8*k = 30. Suppose 4*q - 50 - k = 0. Let a be (-2)/(-1 + (-102)/(-105)). Calculate the greatest common divisor of q and a.
14
Let d = 60 + 100. Calculate the highest common factor of d and 20.
20
Let h = 0 + 10. Let t be (0 - 3) + 12/2. Let p be 2 - 2*(-12)/t. What is the greatest common factor of h and p?
10
Let c(p) = -12*p**2 - 4*p - 3. Let m be c(-2). Let f = 107 + m. Suppose 5*s - f = 3*s. What is the greatest common factor of 48 and s?
16
Let h be 9/6*6/1. Suppose -k + h = -7. What is the greatest common divisor of k and 80?
16
Suppose 48 + 31 = w - 3*a, -5*a + 125 = 2*w. Let q be 330/4*56/w. Suppose y + 13 = 24. Calculate the highest common divisor of y and q.
11
Suppose -3*n + 4*q + 63 = 0, 3*n - q = -0*n + 63. What is the greatest common divisor of 105 and n?
21
Let h = -47 + 50. Let x be (18 + -21)/(-1*h/7). What is the greatest common divisor of 28 and x?
7
Let q be 4/14 - 114/(-42). Suppose 2*g - z = 3, 6*z + 5 = 2*g + q*z. Let j be (18*g)/3*3. What is the highest common factor of 9 and j?
9
Suppose -553 = -3*k - 88. Suppose -4*q = -3*o - 9 + 56, 0 = 2*o + 2*q - 36. Suppose -4*n = -o - 107. What is the highest common divisor of k and n?
31
Let w(o) = 14*o**3 + 3*o**2 - 3*o + 2. Let p be 2/6 + (100/(-15))/(-4). Let r be w(p). What is the greatest common factor of 24 and r?
24
Suppose 72 = -4*q + 6*q. Let c(v) = -32*v**3 + 3*v**2 - 4*v - 6. Let f be c(-1). Let x = q - f. Calculate the greatest common factor of x and 15.
3
Suppose 0 = -5*d + k + 79, -3*d + 4*k = -6*d + 52. Suppose 448 = 4*o + 4*f, 0 = 3*o - 0*f - 3*f - 336. Calculate the greatest common divisor of o and d.
16
Let m = -1382 + 1470. What is the greatest common divisor of m and 242?
22
Suppose 0 = 156*n - 138*n - 504. Let k = 1 - 3. Let c be 30 + (-4 - k/1). What is the greatest common factor of n and c?
28
Suppose -7*r = -3*r - 20. Suppose r*x + y - 55 = 6*y, 3*x - 2*y - 35 = 0. What is the highest common factor of x and 130?
13
Suppose -3*k - 10 = -157. Calculate the greatest common factor of 98 and k.
49
Let d = -54 - -65. Suppose 14*t = d*t + 360. Calculate the highest common divisor of t and 15.
15
Suppose 0 = 3*s - s - 440. Suppose -3*r = -0*r - 150. Suppose 5*w + r = 3*a, -5*a - 5*w + 47 = -63. Calculate the greatest common factor of a and s.
20
Suppose 0*n = 24*n - 432. Calculate the highest common factor of 63 and n.
9
Let g = 23 - 4. Let t(s) = s**3 - 18*s**2 - 19*s. Let z be t(g). Suppose z = -5*o + 46 + 4. Calculate the greatest common divisor of o and 90.
10
Suppose 36*x - 39*x = -12. Let o be -6*(-22)/x + -3. Let c be (10/3)/((-5)/(-30)). What is the highest common divisor of c and o?
10
Let r = 159 - 16. Let h(f) = f**3 + 8*f**2 + 6*f + 6. Suppose d = -0*d + 4*j + 5, -16 = d + 3*j. Let t be h(d). What is the greatest common divisor of r and t?
13
Suppose 5*m = 83 + 137. Let d = -14 - -20. Suppose -2*f - 2 = 3*q - 4, -4*q - 2*f = -d. What is the highest common divisor of m and q?
4
Suppose -w - w = 0. Suppose 3*d + w*d - 9 = 0. Calculate the highest common divisor of 21 and d.
3
Suppose 0 = r - 4 + 2. Suppose -r*j - t - t = -54, -2*t - 66 = -3*j. Calculate the greatest common divisor of j and 16.
8
Let t(a) = -a**3 + 7*a**2 + a + 9. Let b be (21/(-6))/(3/(-6)). Let l be t(b). What is the highest common divisor of 4 and l?
4
Let a(d) = d**3 - 7*d + 11. Let o be a(-5). Let t = -55 - o. Let n(v) = 20*v**2 + 3*v + 3. Let p be n(3). Calculate the highest common factor of p and t.
24
Let j(w) = 1 + 0 + 0*w**2 + 5*w + 4*w**2. Suppose 0 = -3*v + 5*i - 2, 3*v - v + 18 = -5*i. Let c be j(v). Calculate the highest common divisor of c and 15.
15
Let w be 671/3 - 3/9*-1. Calculate the greatest common factor of 154 and w.
14
Let r = 6685 + -6640. Let p = -294 - -789. Calculate the greatest common divisor of p and r.
45
Let b(a) = 34*a - 94. Let s be b(6). Calculate the highest common factor of 10 and s.
10
Suppose -9*w = -7*w - 72. Let h be (-5 + 20)/(4/w). Suppose u = -2, 3*p - 3*u = -2*u + 164. What is the highest common divisor of p and h?
27
Suppose -160 = 6*l - 268. What is the highest common factor of 72 and l?
18
Suppose -704 = -5*j - 2*n, -j = -5*j + n + 558. Suppose -5*a + 0*a + 280 = 0. What is the greatest common factor of j and a?
28
Suppose 18 - 36 = -2*o. Suppose 11*y = o*y + 40. Calculate the highest common divisor of y and 10.
10
Suppose -3*a = 5*v - 27, -6*v = a - 5*v - 9. Let s(r) = 438*r + 2217. Let u be s(-5). Calculate the highest common divisor of a and u.
9
Let p = 113 + -78. Let a = -24 + p. Calculate the highest common factor of a and 176.
11
Suppose 3*n = k - 43, 3*k = 9*n - 7*n + 150. Calculate the greatest common divisor of k and 4.
4
Let h = 24 + -20. Let w(a) = a + 3. Let i be w(3). Suppose -i = 3*l + h*g - 24, -g = 0. What is the highest common divisor of 24 and l?
6
Suppose 24*l = 29*l - 35. Let z be (-1)/1 - (-9 - l). What is the greatest common divisor of 10 and z?
5
Suppose -10 = 3*z - 1. Let t be z*(4/3 - 2). Suppose 0 = 3*x, -2*u - t*x + 36 = -x. Calculate the highest common factor of 6 and u.
6
Let m = -826 - -828. Suppose -2*d + 3*d = 0. Suppose 3*z + 0*z - 66 = d. Calculate the greatest common divisor of z and m.
2
Suppose -8*n + 118 = -6*n - 2*j, -3*n - j + 169 = 0. What is the greatest common factor of n and 323?
19
Let q be (27 + 7)*(3 - 12/(-8)). What is the greatest common factor of q and 1122?
51
Let g = 93 - 86. Calculate the highest common divisor of 112 and g.
7
Suppose 273 - 203 = 7*f. Let x(m) = m**3 - 5*m**2 + 3*m + 6. Let s be x(6). What is the highest common factor of f and s?
10
Let a be (-17)/(-5) - (17/5 - 3). Suppose a*q - 230 - 232 = 0. What is the highest common divisor of 14 and q?
14
Suppose -4 = -n + 5*n. Let j = n - -22. Calculate the highest common divisor of j and 105.
21
Suppose -42 = -y + 2*y. Let i = -26 - y. Let a = i + -5. Calculate the greatest common factor of a and 99.
11
Let c(q) be the first derivative of q**4/4 - 4*q**3/3 - 5*q**2 + 2*q - 4. Let y be c(6). What is the greatest common factor of 182 and y?
14
Let u be -3*14/105 + (-56)/10. Let o be (u/(-6))/((-2)/(-28)). What is the greatest common divisor of o and 56?
14
Let k be (64/(-10))/((-4)/10). Let t = 167 - 87. What is the greatest common factor of k and t?
16
Let d = -213 + 215. Calculate the greatest common divisor of 32 and d.
2
Suppose 221*y = 70*y + 131370. What is the greatest common divisor of y and 10?
10
Let f be ((-160)/25)/(4/(-10)). Let t be 20/(-3 - f/(-4)). What is the highest common divisor of t and 16?
4
Let d = 3 - 2. Let m be d/3 - (-209)/3. Suppose 11*j = -21*j + 320. Calculate the greatest common divisor of j and m.
10
Let l = 192 + 116. Calculate the greatest common factor of 176 and l.
44
Suppose 30*q - 49*q + 38 = 0. Calculate the greatest common divisor of q and 3.
1
Let s be (11 + -10 + 35)*124/16. What is the highest common divisor of s and 62?
31
Suppose 2*k - 252 = 84. What is the greatest common divisor of k and 210?
42
Let p be -2*2/(-3)*(-837)/(-36). Calculate the highest common factor of 62 and p.
31
Suppose -3*i + 384 + 192 = 0. What is the greatest common factor of i and 12?
12
Let q = -207 - -217. What is the greatest common divisor of q and 290?
10
Let t(d) = d**3 - 10*d**2 - 98*d - 6. Let h be t(-6). What is the highest